{"id":101,"date":"2026-05-03T12:05:47","date_gmt":"2026-05-03T10:05:47","guid":{"rendered":"http:\/\/adriancuencadesign_orcv4d4i"},"modified":"2026-05-03T12:05:47","modified_gmt":"2026-05-03T10:05:47","slug":"politica-de-privacidad","status":"publish","type":"page","link":"https:\/\/gracious-fermi.168-231-87-164.plesk.page\/?page_id=101","title":{"rendered":"Pol\u00edtica de Privacidad"},"content":{"rendered":"\n<p><strong>1. Introducci\u00f3n<\/strong><\/p>\n\n\n\n<p>En iC\u00e1lculo, respetamos y protegemos la privacidad de nuestros usuarios. Esta Pol\u00edtica de Privacidad describe c\u00f3mo recopilamos, utilizamos y compartimos la informaci\u00f3n personal que nos proporciona a trav\u00e9s de nuestro sitio web <a href=\"http:\/\/www.icalculo.es\">www.icalculo.es<\/a> (en adelante, \u00abel Sitio\u00bb). Al utilizar el Sitio, usted acepta las pr\u00e1cticas descritas en esta Pol\u00edtica de Privacidad.<\/p>\n\n\n\n<p><strong>2. Responsable del Tratamiento<\/strong><\/p>\n\n\n\n<ul class=\"wp-block-list\">\n<li>Titular: https:\/\/gracious-fermi.168-231-87-164.plesk.page\/wp-content\/uploads\/2024\/08\/Santiago-Bernabeu.jpg Pujante Saura<\/li>\n\n\n\n<li>NIF: 15484198T<\/li>\n\n\n\n<li>Domicilio: C\/ Rio Taibilla 33 <\/li>\n\n\n\n<li>CP: 30710 <\/li>\n\n\n\n<li>Localidad: Los Alc\u00e1zares<\/li>\n\n\n\n<li>Provincia: Murcia (Espa\u00f1a)<\/li>\n\n\n\n<li>Tel\u00e9fono: <a href=\"tel:655743569\">655743569<\/a><\/li>\n\n\n\n<li>Email: info@icalculo.es<\/li>\n\n\n\n<li>Dominio Web: <a href=\"http:\/\/www.icalculo.com\">www.icalculo.<\/a><a href=\"http:\/\/www.icalculo.es\">es<\/a><\/li>\n<\/ul>\n\n\n\n<p><strong>3. Informaci\u00f3n que Recopilamos<\/strong><\/p>\n\n\n\n<p>Podemos recopilar y procesar los siguientes datos personales:<\/p>\n\n\n\n<ul class=\"wp-block-list\">\n<li>Informaci\u00f3n de contacto, como nombre, direcci\u00f3n de correo electr\u00f3nico y n\u00famero de tel\u00e9fono.<\/li>\n\n\n\n<li>Informaci\u00f3n demogr\u00e1fica, como c\u00f3digo postal, preferencias e intereses.<\/li>\n\n\n\n<li>Informaci\u00f3n t\u00e9cnica, como la direcci\u00f3n IP, tipo y versi\u00f3n del navegador, configuraci\u00f3n de zona horaria, tipos y versiones de complementos del navegador, sistema operativo y plataforma.<\/li>\n\n\n\n<li>Datos de uso, como informaci\u00f3n sobre c\u00f3mo utiliza nuestro Sitio, productos y servicios.<\/li>\n<\/ul>\n\n\n\n<p><strong>4. Finalidad del Tratamiento de Datos<\/strong><\/p>\n\n\n\n<p>Los datos personales recopilados ser\u00e1n utilizados para los siguientes fines:<\/p>\n\n\n\n<ul class=\"wp-block-list\">\n<li>Proveer, operar, mantener y mejorar nuestros servicios.<\/li>\n\n\n\n<li>Gestionar su registro como usuario del Sitio.<\/li>\n\n\n\n<li>Enviar comunicaciones comerciales, promocionales y boletines informativos relacionados con nuestros productos y servicios, siempre que haya prestado su consentimiento.<\/li>\n\n\n\n<li>Atender sus solicitudes, preguntas y reclamaciones.<\/li>\n\n\n\n<li>Cumplir con nuestras obligaciones legales y reglamentarias.<\/li>\n<\/ul>\n\n\n\n<p><strong>5. Base Jur\u00eddica del Tratamiento<\/strong><\/p>\n\n\n\n<p>El tratamiento de sus datos personales se basa en su consentimiento, la ejecuci\u00f3n de un contrato, el cumplimiento de una obligaci\u00f3n legal y\/o nuestro inter\u00e9s leg\u00edtimo en mejorar nuestros servicios y proteger la seguridad y funcionalidad del Sitio.<\/p>\n\n\n\n<p><strong>6. Destinatarios de los Datos<\/strong><\/p>\n\n\n\n<p>No compartiremos sus datos personales con terceros, excepto en los siguientes casos:<\/p>\n\n\n\n<ul class=\"wp-block-list\">\n<li>Proveedores de servicios que nos ayudan a operar el Sitio y a proporcionar nuestros servicios, bajo estrictas condiciones de confidencialidad.<\/li>\n\n\n\n<li>Autoridades y organismos p\u00fablicos, cuando as\u00ed lo requiera la ley.<\/li>\n\n\n\n<li>En caso de que participemos en una fusi\u00f3n, adquisici\u00f3n o venta de activos, sus datos personales pueden ser transferidos a la entidad sucesora.<\/li>\n<\/ul>\n\n\n\n<p><strong>7. Derechos del Usuario<\/strong><\/p>\n\n\n\n<p>Usted tiene derecho a:<\/p>\n\n\n\n<ul class=\"wp-block-list\">\n<li>Acceder a sus datos personales y solicitar una copia de los mismos.<\/li>\n\n\n\n<li>Rectificar cualquier dato personal inexacto o incompleto.<\/li>\n\n\n\n<li>Solicitar la supresi\u00f3n de sus datos personales cuando ya no sean necesarios para los fines para los cuales fueron recogidos.<\/li>\n\n\n\n<li>Oponerse al tratamiento de sus datos personales en ciertas circunstancias.<\/li>\n\n\n\n<li>Solicitar la limitaci\u00f3n del tratamiento de sus datos personales en determinadas situaciones.<\/li>\n\n\n\n<li>Portar sus datos personales a otro responsable del tratamiento, en un formato estructurado, de uso com\u00fan y lectura mec\u00e1nica.<\/li>\n<\/ul>\n\n\n\n<p>Para ejercer estos derechos, puede contactarnos a trav\u00e9s de info@icalculo.es o Calle Pintor Rafael D\u00e1vila 48 Los Alc\u00e1zares Murcia. Le responderemos lo antes posible, y en cualquier caso, dentro del plazo de un mes desde la recepci\u00f3n de su solicitud.<\/p>\n\n\n\n<p><strong>8. Seguridad de los Datos<\/strong><\/p>\n\n\n\n<p>Nos comprometemos a garantizar la seguridad de sus datos personales. Para evitar el acceso no autorizado, la divulgaci\u00f3n o la destrucci\u00f3n de los datos, hemos implementado medidas t\u00e9cnicas y organizativas adecuadas para proteger la informaci\u00f3n que recopilamos.<\/p>\n\n\n\n<p><strong>9. Retenci\u00f3n de los Datos<\/strong><\/p>\n\n\n\n<p>Conservaremos sus datos personales \u00fanicamente durante el tiempo necesario para cumplir con los fines para los cuales fueron recopilados, incluyendo la satisfacci\u00f3n de cualquier requisito legal, contable o de informe.<\/p>\n\n\n\n<p><strong>10. Cambios en la Pol\u00edtica de Privacidad<\/strong><\/p>\n\n\n\n<p>Nos reservamos el derecho a modificar esta Pol\u00edtica de Privacidad en cualquier momento. Cualquier cambio ser\u00e1 publicado en esta p\u00e1gina y, si es necesario, le notificaremos a trav\u00e9s del Sitio o por correo electr\u00f3nico. Le recomendamos revisar esta Pol\u00edtica de Privacidad peri\u00f3dicamente para estar informado sobre c\u00f3mo protegemos su informaci\u00f3n.<\/p>\n\n\n\n<p><strong>11. Contacto<\/strong><\/p>\n\n\n\n<p>Si tiene alguna pregunta sobre esta Pol\u00edtica de Privacidad, puede contactarnos en:<\/p>\n\n\n\n<ul class=\"wp-block-list\">\n<li>Email: info@icalculo.es<\/li>\n\n\n\n<li>Tel\u00e9fono: +34 <a href=\"tel:+34655743569\">655743569<\/a><\/li>\n<\/ul>\n\n\n\n<p><strong>Fecha de la \u00faltima actualizaci\u00f3n:<\/strong> 01\/07\/2025<\/p>\n\n\n\n<p><\/p>\n","protected":false},"excerpt":{"rendered":"<p>1. Introducci\u00f3n En iC\u00e1lculo, respetamos y protegemos la privacidad de nuestros usuarios. Esta Pol\u00edtica de Privacidad describe c\u00f3mo recopilamos, utilizamos y compartimos la informaci\u00f3n personal que nos proporciona a trav\u00e9s de nuestro sitio web www.icalculo.es (en adelante, \u00abel Sitio\u00bb). Al utilizar el Sitio, usted acepta las pr\u00e1cticas descritas en esta Pol\u00edtica de Privacidad. 2. Responsable [&hellip;]<\/p>\n","protected":false},"author":1,"featured_media":0,"parent":0,"menu_order":0,"comment_status":"closed","ping_status":"closed","template":"","meta":{"footnotes":""},"class_list":["post-101","page","type-page","status-publish","hentry"],"yoast_head":"<!-- This site is optimized with the Yoast SEO plugin v27.5 - https:\/\/yoast.com\/product\/yoast-seo-wordpress\/ -->\n<title>Pol\u00edtica de Privacidad - iCalculo<\/title>\n<meta name=\"robots\" content=\"index, follow, max-snippet:-1, max-image-preview:large, max-video-preview:-1\" \/>\n<link rel=\"canonical\" href=\"https:\/\/gracious-fermi.168-231-87-164.plesk.page\/?page_id=101\" \/>\n<meta property=\"og:locale\" content=\"es_ES\" \/>\n<meta property=\"og:type\" content=\"article\" \/>\n<meta property=\"og:title\" content=\"Pol\u00edtica de Privacidad - iCalculo\" \/>\n<meta property=\"og:description\" content=\"1. Introducci\u00f3n En iC\u00e1lculo, respetamos y protegemos la privacidad de nuestros usuarios. Esta Pol\u00edtica de Privacidad describe c\u00f3mo recopilamos, utilizamos y compartimos la informaci\u00f3n personal que nos proporciona a trav\u00e9s de nuestro sitio web www.icalculo.es (en adelante, \u00abel Sitio\u00bb). Al utilizar el Sitio, usted acepta las pr\u00e1cticas descritas en esta Pol\u00edtica de Privacidad. 2. Responsable [&hellip;]\" \/>\n<meta property=\"og:url\" content=\"https:\/\/gracious-fermi.168-231-87-164.plesk.page\/?page_id=101\" \/>\n<meta property=\"og:site_name\" content=\"iCalculo\" \/>\n<meta name=\"twitter:card\" content=\"summary_large_image\" \/>\n<meta name=\"twitter:label1\" content=\"Tiempo de lectura\" \/>\n\t<meta name=\"twitter:data1\" content=\"3 minutos\" \/>\n<script type=\"application\/ld+json\" class=\"yoast-schema-graph\">{\"@context\":\"https:\\\/\\\/schema.org\",\"@graph\":[{\"@type\":\"WebPage\",\"@id\":\"https:\\\/\\\/gracious-fermi.168-231-87-164.plesk.page\\\/?page_id=101\",\"url\":\"https:\\\/\\\/gracious-fermi.168-231-87-164.plesk.page\\\/?page_id=101\",\"name\":\"Pol\u00edtica de Privacidad - iCalculo\",\"isPartOf\":{\"@id\":\"https:\\\/\\\/gracious-fermi.168-231-87-164.plesk.page\\\/#website\"},\"datePublished\":\"2026-05-03T10:05:47+00:00\",\"breadcrumb\":{\"@id\":\"https:\\\/\\\/gracious-fermi.168-231-87-164.plesk.page\\\/?page_id=101#breadcrumb\"},\"inLanguage\":\"es\",\"potentialAction\":[{\"@type\":\"ReadAction\",\"target\":[\"https:\\\/\\\/gracious-fermi.168-231-87-164.plesk.page\\\/?page_id=101\"]}]},{\"@type\":\"BreadcrumbList\",\"@id\":\"https:\\\/\\\/gracious-fermi.168-231-87-164.plesk.page\\\/?page_id=101#breadcrumb\",\"itemListElement\":[{\"@type\":\"ListItem\",\"position\":1,\"name\":\"Home\",\"item\":\"https:\\\/\\\/gracious-fermi.168-231-87-164.plesk.page\\\/\"},{\"@type\":\"ListItem\",\"position\":2,\"name\":\"Pol\u00edtica de Privacidad\"}]},{\"@type\":\"WebSite\",\"@id\":\"https:\\\/\\\/gracious-fermi.168-231-87-164.plesk.page\\\/#website\",\"url\":\"https:\\\/\\\/gracious-fermi.168-231-87-164.plesk.page\\\/\",\"name\":\"iCalculo\",\"description\":\"\",\"potentialAction\":[{\"@type\":\"SearchAction\",\"target\":{\"@type\":\"EntryPoint\",\"urlTemplate\":\"https:\\\/\\\/gracious-fermi.168-231-87-164.plesk.page\\\/?s={search_term_string}\"},\"query-input\":{\"@type\":\"PropertyValueSpecification\",\"valueRequired\":true,\"valueName\":\"search_term_string\"}}],\"inLanguage\":\"es\"}]}<\/script>\n<!-- \/ Yoast SEO plugin. -->","yoast_head_json":{"title":"Pol\u00edtica de Privacidad - iCalculo","robots":{"index":"index","follow":"follow","max-snippet":"max-snippet:-1","max-image-preview":"max-image-preview:large","max-video-preview":"max-video-preview:-1"},"canonical":"https:\/\/gracious-fermi.168-231-87-164.plesk.page\/?page_id=101","og_locale":"es_ES","og_type":"article","og_title":"Pol\u00edtica de Privacidad - iCalculo","og_description":"1. Introducci\u00f3n En iC\u00e1lculo, respetamos y protegemos la privacidad de nuestros usuarios. Esta Pol\u00edtica de Privacidad describe c\u00f3mo recopilamos, utilizamos y compartimos la informaci\u00f3n personal que nos proporciona a trav\u00e9s de nuestro sitio web www.icalculo.es (en adelante, \u00abel Sitio\u00bb). Al utilizar el Sitio, usted acepta las pr\u00e1cticas descritas en esta Pol\u00edtica de Privacidad. 2. Responsable [&hellip;]","og_url":"https:\/\/gracious-fermi.168-231-87-164.plesk.page\/?page_id=101","og_site_name":"iCalculo","twitter_card":"summary_large_image","twitter_misc":{"Tiempo de lectura":"3 minutos"},"schema":{"@context":"https:\/\/schema.org","@graph":[{"@type":"WebPage","@id":"https:\/\/gracious-fermi.168-231-87-164.plesk.page\/?page_id=101","url":"https:\/\/gracious-fermi.168-231-87-164.plesk.page\/?page_id=101","name":"Pol\u00edtica de Privacidad - iCalculo","isPartOf":{"@id":"https:\/\/gracious-fermi.168-231-87-164.plesk.page\/#website"},"datePublished":"2026-05-03T10:05:47+00:00","breadcrumb":{"@id":"https:\/\/gracious-fermi.168-231-87-164.plesk.page\/?page_id=101#breadcrumb"},"inLanguage":"es","potentialAction":[{"@type":"ReadAction","target":["https:\/\/gracious-fermi.168-231-87-164.plesk.page\/?page_id=101"]}]},{"@type":"BreadcrumbList","@id":"https:\/\/gracious-fermi.168-231-87-164.plesk.page\/?page_id=101#breadcrumb","itemListElement":[{"@type":"ListItem","position":1,"name":"Home","item":"https:\/\/gracious-fermi.168-231-87-164.plesk.page\/"},{"@type":"ListItem","position":2,"name":"Pol\u00edtica de Privacidad"}]},{"@type":"WebSite","@id":"https:\/\/gracious-fermi.168-231-87-164.plesk.page\/#website","url":"https:\/\/gracious-fermi.168-231-87-164.plesk.page\/","name":"iCalculo","description":"","potentialAction":[{"@type":"SearchAction","target":{"@type":"EntryPoint","urlTemplate":"https:\/\/gracious-fermi.168-231-87-164.plesk.page\/?s={search_term_string}"},"query-input":{"@type":"PropertyValueSpecification","valueRequired":true,"valueName":"search_term_string"}}],"inLanguage":"es"}]}},"_links":{"self":[{"href":"https:\/\/gracious-fermi.168-231-87-164.plesk.page\/index.php?rest_route=\/wp\/v2\/pages\/101","targetHints":{"allow":["GET"]}}],"collection":[{"href":"https:\/\/gracious-fermi.168-231-87-164.plesk.page\/index.php?rest_route=\/wp\/v2\/pages"}],"about":[{"href":"https:\/\/gracious-fermi.168-231-87-164.plesk.page\/index.php?rest_route=\/wp\/v2\/types\/page"}],"author":[{"embeddable":true,"href":"https:\/\/gracious-fermi.168-231-87-164.plesk.page\/index.php?rest_route=\/wp\/v2\/users\/1"}],"replies":[{"embeddable":true,"href":"https:\/\/gracious-fermi.168-231-87-164.plesk.page\/index.php?rest_route=%2Fwp%2Fv2%2Fcomments&post=101"}],"version-history":[{"count":0,"href":"https:\/\/gracious-fermi.168-231-87-164.plesk.page\/index.php?rest_route=\/wp\/v2\/pages\/101\/revisions"}],"wp:attachment":[{"href":"https:\/\/gracious-fermi.168-231-87-164.plesk.page\/index.php?rest_route=%2Fwp%2Fv2%2Fmedia&parent=101"}],"curies":[{"name":"wp","href":"https:\/\/api.w.org\/{rel}","templated":true}]}}